-11
Let w(o) = -3*o - 207. Give w(-47).
-66
Let k(s) = -842*s + 1314. What is k(2)?
-370
Let t(k) = k**3 - 10*k**2 - 3*k + 145. Give t(10).
115
Let g(f) = f**2 + 85*f + 317. Give g(-4).
-7
Let q(l) = -l**3 - 58*l**2 - 121*l - 395. What is q(-56)?
109
Let s(p) = -16*p + 346. Determine s(22).
-6
Let m(c) = -20*c**3 - 2*c**2 - 3*c + 5. Calculate m(1).
-20
Let g(h) = -949*h - 35152. Determine g(-37).
-39
Let r(x) = -2*x**3 + 6*x**2 + 27. What is r(8)?
-613
Let l(s) = -4*s**3 + 35*s**2 + 10*s - 8. What is l(9)?
1
Let s(h) = -54*h + 476. Calculate s(9).
-10
Let o(l) = -5*l**3 + 6*l**2 + 4*l - 9. Determine o(-3).
168
Let c(r) = 1859*r - 7431. Give c(4).
5
Let c(t) = 2*t**2 + 15*t + 116. Give c(-7).
109
Let t(l) = -l**3 - 20*l**2 - 136*l - 2228. Determine t(-19).
-5
Let g(s) = -47*s - 300. Calculate g(-8).
76
Let y(m) = 4*m + 468. Determine y(-121).
-16
Let k(n) = 5*n + 101. Calculate k(-19).
6
Let a(j) = 826*j - 4153. Calculate a(5).
-23
Let u(k) = -1406*k - 2709. Determine u(-2).
103
Let w(j) = -50*j - 2584. Determine w(-52).
16
Let u(c) = 19*c - 342. What is u(27)?
171
Let c(m) = -2*m**2 - 10*m - 50. Calculate c(-8).
-98
Let s(b) = -14*b - 171. Calculate s(-38).
361
Let r(c) = -15*c**3 - 61*c**2 - 3*c - 2. Determine r(-4).
-6
Let w(p) = 3*p**2 + 32*p + 6. Calculate w(-6).
-78
Let v(p) = -231*p**2 - 269*p + 1. Determine v(-1).
39
Let k(j) = 2*j**2 + 22*j - 875. Give k(16).
-11
Let b(o) = o**3 + 16*o**2 + 54*o - 12. Calculate b(-11).
-1
Let o(j) = -9*j**2 + 175*j - 666. Determine o(14).
20
Let y(b) = -b**3 - 7*b**2 - 123*b - 1839. Calculate y(-11).
-2
Let u(r) = 16458*r - 164574. Determine u(10).
6
Let f(a) = -2*a**3 - 14*a**2 - 15*a - 34. Determine f(-7).
71
Let i(o) = -o**3 + 17*o**2 - 12*o - 503. Give i(14).
-83
Let f(o) = -11*o**2 - 54*o - 14. What is f(-3)?
49
Let w(g) = -g**3 + 18*g**2 + 44*g - 26. Give w(20).
54
Let r(j) = -6*j - 93. Give r(-15).
-3
Let o(f) = -f - 196. Give o(54).
-250
Let v(j) = -j**3 + 31*j**2 + 408*j - 28. Calculate v(-10).
-8
Let y(j) = 81*j - 963. Determine y(12).
9
Let b(t) = t**2 + 74*t + 364. Calculate b(-70).
84
Let f(y) = 19*y**2 + 41*y + 5. Calculate f(-4).
145
Let l(q) = q**3 + 37*q**2 - 26*q + 454. Give l(-38).
-2
Let y(o) = o**2 + 476*o - 6292. What is y(13)?
65
Let x(a) = 6*a - 59. What is x(7)?
-17
Let b(i) = -i**3 + 84*i**2 - 235*i - 650. Determine b(81).
-2
Let h(y) = 18*y - 64. What is h(17)?
242
Let w(d) = 199*d - 993. What is w(5)?
2
Let c(d) = d**2 + 15*d - 164. Give c(-32).
380
Let m(y) = y**2 + 6*y - 3. What is m(1)?
4
Let y(i) = i**3 + 12*i**2 + 7*i - 146. Determine y(-10).
-16
Let r(i) = 347*i - 2457. Give r(7).
-28
Let c(g) = 244*g - 546. What is c(2)?
-58
Let x(a) = -3279*a - 78690. Calculate x(-24).
6
Let j(u) = 10*u - 634. Calculate j(21).
-424
Let i(j) = -7*j**3 - 91*j**2 + 4*j + 28. Determine i(-13).
-24
Let a(b) = -b**2 + 583*b - 23234. What is a(43)?
-14
Let s(g) = g**2 - 21*g - 20. What is s(11)?
-130
Let u(g) = 20*g - 2020. Calculate u(89).
-240
Let o(c) = -23*c**2 - 1029*c + 297. Determine o(-45).
27
Let s(q) = -q**3 - 159*q**2 + 497*q + 1808. Give s(-162).
26
Let m(g) = 53*g**2 + 2550*g + 290. What is m(-48)?
2
Let v(d) = d**2 - 33*d + 282. Calculate v(21).
30
Let r(k) = 10*k - 214. Give r(6).
-154
Let z(p) = p**2 - 112*p + 1099. What is z(101)?
-12
Let p(j) = -23*j**2 + 1107*j - 161. Give p(48).
-17
Let q(s) = -64*s - 1326. Determine q(-21).
18
Let d(k) = k**3 + 69*k**2 + 61*k - 85. Give d(-68).
391
Let f(p) = 2*p**3 + 78*p**2 - 68*p + 448. Give f(-40).
-32
Let k(p) = p**3 - 14*p**2 - 4*p + 54. What is k(14)?
-2
Let d(s) = -4054*s**2 + 12163*s - 5. Give d(3).
-2
Let c(w) = 4*w**2 + 1155*w - 6189. What is c(-294)?
-15
Let x(s) = -252*s - 2809. Give x(-11).
-37
Let j(m) = 57*m**2 - 536*m + 214. Calculate j(9).
7
Let h(o) = -4*o**2 + o + 230. Give h(15).
-655
Let a(c) = 2*c**2 - 552*c + 8324. Give a(16).
4
Let k(s) = -s**3 - 20*s**2 + 46*s + 51. Calculate k(-22).
7
Let a(z) = 12*z**2 - 23*z - 253. Determine a(-8).
699
Let t(c) = 23*c**3 - 138*c**2 - 4*c + 19. What is t(6)?
-5
Let w(y) = 36*y**3 + 14*y**2 + 11*y - 5. Calculate w(-1).
-38
Let p(g) = g**2 - 206*g + 7123. Give p(162).
-5
Let b(a) = -330*a + 33659. What is b(102)?
-1
Let h(s) = -2*s**2 + 47*s + 794. Determine h(-13).
-155
Let c(r) = r**3 + 31*r**2 - 178*r - 13. Give c(5).
-3
Let p(o) = 103*o + 736. Determine p(-7).
15
Let z(k) = -293*k + 3502. What is z(12)?
-14
Let b(p) = 2*p**3 - 115*p**2 - 1125*p + 239. Determine b(66).
41
Let u(j) = j**2 - 942*j - 14377. What is u(-15)?
-22
Let n(v) = v**3 + 129*v**2 - 4*v - 524. Calculate n(-129).
-8
Let o(j) = -6*j**3 - 3*j**2 + 352*j + 354. What is o(-1)?
5
Let u(r) = 4*r**3 + 46*r**2 - 9*r + 3. Calculate u(-12).
-177
Let k(c) = -c**3 + 26*c**2 - 44*c - 90. What is k(24)?
6
Let m(u) = -40*u + 724. Determine m(17).
44
Let f(v) = -36*v**2 + 58*v. Calculate f(-2).
-260
Let f(b) = -b**3 + 5*b**2 + 20*b - 30. Determine f(8).
-62
Let y(m) = -26*m + 897. Calculate y(35).
-13
Let b(d) = d**2 - 80*d + 573. Determine b(72).
-3
Let j(b) = -b + 216. What is j(-22)?
238
Let b(g) = g**3 + 16*g**2 - 378*g - 8. Give b(13).
-21
Let x(q) = 2*q**3 + 26*q**2 + 45*q + 3. Determine x(-11).
-8
Let a(p) = -p**3 - 54*p**2 + 58*p + 165. Give a(-55).
0
Let q(n) = -143*n - 73. Calculate q(-2).
213
Let c(z) = z**3 + 3*z**2 - 116*z + 62. Calculate c(9).
-10
Let l(k) = -k**3 - 48*k**2 - 68*k - 1006. Determine l(-47).
-19
Let l(n) = -566*n - 4572. Calculate l(-8).
-44
Let r(u) = u**2 + 30*u - 375. Calculate r(-46).
361
Let i(y) = -3*y**2 + 49*y - 40. Calculate i(17).
-74
Let x(w) = w**3 + 33*w**2 + 86*w - 132. Determine x(-30).
-12
Let k(x) = -x**3 + 21*x**2 - 243*x + 4409. Determine k(20).
-51
Let q(m) = -3*m**2 - 8*m + 64. Give q(6).
-92
Let h(f) = -5*f**2 - 22*f - 27. What is h(-2)?
-3
Let q(t) = -t**2 + 50*t - 557. Calculate q(31).
32
Let y(d) = d**3 - 39*d**2 + 36*d + 75. Calculate y(38).
-1
Let b(y) = -y**3 - 5*y**2 - 18*y - 68. Calculate b(-8).
268
Let u(c) = -2646*c - 7908. What is u(-3)?
30
Let h(n) = -1530*n + 1596. Determine h(1).
66
Let f(i) = 57*i - 2189. Calculate f(39).
34
Let d(z) = 5*z**2 - 200*z + 231. What is d(39)?
36
Let l(a) = -a**3 + 9*a**2 + 23*a - 13. Give l(10).
117
Let h(f) = -4*f**3 + 134*f**2 + 74*f - 80. Give h(34).
124
Let q(c) = -12*c**2 + 132*c - 264. Give q(2).
-48
Let v(z) = -22*z**3 + 4707*z**2 + 216*z - 426. Calculate v(214).
2
Let d(q) = 15*q + 52. Calculate d(-12).
-128
Let x(n) = 4229*n + 25373. Calculate x(-6).
-1
Let l(j) = 2*j**3 - 5*j**2 + 18*j - 27. What is l(6)?
333
Let f(n) = -12*n**3 + 1835*n**2 + 154*n - 145. Calculate f(153).
8
Let t(i) = i**2 + 60*i - 69. Determine t(-61).
-8
Let s(g) = 84*g - 254. Calculate s(3).
-2
Let k(t) = 24*t + 239. Calculate k(-6).
95
Let s(i) = 83*i - 1654. What is s(20)?
6
Let y(b) = b**3 + 23*b**2 + 94*b + 60. Determine y(-18).
-12
Let b(f) = -2*f**3 + f**2 + 2*f - 3. What is b(2)?
-11
Let d(r) = 20*r - 1275. Calculate d(64).
5
Let z(u) = -19*u**3 + 305*u**2 - 17*u + 27. Determine z(16).
11
Let v(c) = c**3 - c**2 + 8*c + 12. What is v(-5)?
-178
Let w(n) = -n**2 + 22*n - 1. Give w(21).
20
Let v(h) = -2*h**3 - 44*h**2 + 14*h - 766. What is v(-23)?
-30
Let h(r) = -2*r**3 - 188*r**2 - 12*r - 1118. Give h(-94).
10
Let y(q) = 6*q**2 + 88*q + 99. Give y(-14).
43
Let i(x) = x**3 + 85*x**2 - x - 80. What is i(-85)?
5
Let k(q) = -q**3 + 41*q**2 - 337*q + 84. Give k(11).
7
Let b(i) = 43*i**3 - 3*i**2 + 11*i + 35. Calculate b(-2).
-343
Let z(w) = w**3 - 29*w**2 + 62*w - 956. Give z(28).
-4
Let c(m) = 2*m**2 + 16*m + 23. What is c(-11)?
89
Let v(j) = -3*j + 199. What is v(39)?
82
Let r(j) = 4*j**2 + 78*j - 2592. What is r(-37)?
-2
Let p(y) = -2*y**3 + 58*y**2 - 121*y + 15. What is p(2)?
-11
Let g(q) = 8257*q - 132111. What is g(16)?
1
Let t(w) = -6*w**2 + 1391*w - 9447. Calculate t(7).
-4
Let v(j) = 458*j**2 + 44*j - 48. Determine v(1).
454
Let j(c) = -c**3 + 66*c**2 - 130*c + 114. Calculate j(64).
-14
Let w(j) = -j**2 + 267. What is w(17)?
-22
Let l(p) = -p**2 + 94*p - 1917. Determine l(64).
3
Let s(i) = -i**2 + 19*i + 234. What is s(-10)?
-56
Let c(p) = -84*p + 464. Give c(6).
-40
Let f(b) = 2*b**3 + 4*b**2 + 8*b + 7. Determine f(-4).
-89
Let w(h) = h**3 + 35*h**2 - 399*h + 2. What is w(9)?
-25
Let h(z) = -2*z**3 - 10*z**2 + 5921*z + 29600. What is